18) - y/(-36).
2, 5
Let a(t) = t. Let g be a(5). Suppose -72 = -w + g*w. What are the prime factors of 10/(-2)*w/10?
3
Suppose 4*w - 4 = 0, i - 5*w = -0*w + 41. Let q = -23 + i. What are the prime factors of q?
23
Let n(y) = 10*y - 11. What are the prime factors of n(5)?
3, 13
Suppose 5*g = 5*c + g - 52, 0 = -3*c - 3*g + 15. Suppose 4*b - 8 = -0*b + 3*o, -c = -4*b + o. Suppose b*q - 15 = 3. List the prime factors of q.
3
Let g(a) = -a**3 + 4*a**2 + 4*a + 5. Let p be g(5). Suppose 2*z + 5*m - 48 = p, -2*z + 20 = -m - m. Let f = -9 + z. What are the prime factors of f?
5
Suppose 15*z = 10*z + 165. What are the prime factors of z?
3, 11
Let p = -28 + 20. Let j = p - -15. Suppose -6 = -2*t, -2*y - j = -9*t + 4*t. List the prime factors of y.
2
Let y(g) = -6*g - 3. Let l be 2/(-2)*(-1 + 3). List the prime factors of y(l).
3
Let p(v) = v**2 - 6*v + 7. Let m = 6 + 6. Let d = -7 + m. List the prime factors of p(d).
2
Let i(x) = -x**2 + 2*x - 1. Let u be i(1). Suppose u = -5*f + 29 + 26. What are the prime factors of f?
11
Suppose 3*j - 3*s - 1 = 4*j, 4*s = -2*j. Let f(x) = x**j - 3*x + 3*x + 10. List the prime factors of f(0).
2, 5
Suppose -4 - 98 = -3*r. Suppose 0 = i - r + 1. List the prime factors of i.
3, 11
Let r be (2/7)/(1/7). Suppose -g - 3*h = 307, -g + 6*g + 1547 = -3*h. What are the prime factors of g/(-18) - r/9?
17
Suppose 3*b + 2*t - 209 = 0, -4*t = 5*b - 186 - 161. What are the prime factors of b?
71
Suppose -3*u + 4*t = -103, 74 = 2*u - 4*t - 0*t. What are the prime factors of u?
29
Suppose -3*p - 174 = 2*i, 3*i - i + 160 = 4*p. What are the prime factors of (-1)/(3 - (-255)/i)?
2, 7
Let j(f) = f**2 + 6. What are the prime factors of j(0)?
2, 3
Let i(z) = -6*z + 25. List the prime factors of i(-6).
61
Suppose -h + 100 + 52 = 0. What are the prime factors of (h/12)/((-4)/(-18))?
3, 19
Let a = -25 + 17. List the prime factors of a/44 + 171/33.
5
Let k be 11 - 8 - (-1 + 1). Suppose -175 = -5*d + 4*c - 55, -5*d + 120 = k*c. List the prime factors of d.
2, 3
Suppose 64 - 7 = t. Suppose l - i + 3*i = 26, 3*l - i = t. Suppose -y = y - l. What are the prime factors of y?
2, 5
List the prime factors of 15*(-3 + 148/20).
2, 3, 11
Let b = -5 - -8. What are the prime factors of (1 + b/(-9))*6?
2
List the prime factors of -4 + (-50)/(-14) + 122/7.
17
Let d(z) = z**3 - 8*z**2 + 2*z - 2. List the prime factors of d(8).
2, 7
Suppose 12*u - 11*u = 163. List the prime factors of u.
163
Suppose 2*k + 6 = 6*a - 2*a, -5 = -3*a + 2*k. Suppose 0 = q - 2*q + a. What are the prime factors of (-2)/((q/2)/(-1))?
2
Let g be (-2 - 3) + (-1)/1. Let v = g + 12. Let k(s) = -s**3 + 6*s**2 + 2*s. What are the prime factors of k(v)?
2, 3
List the prime factors of (-39)/(-6)*(2 + 0).
13
Let n(a) = -a**3 + 7*a**2 + 3*a + 6. What are the prime factors of n(6)?
2, 3, 5
Let g be (-6)/4*30/(-9). Suppose -g*n + 31 = -2*w + 3, 5*n + 4*w = 34. What are the prime factors of n?
2, 3
Suppose -3*x - q = -33, 5*x + q = 38 + 15. Suppose -6*w + x = -w, 2 = -f + 3*w. List the prime factors of f.
2
Let x be (-12)/(-10)*(-10)/4. Let a = 5 + x. Suppose -o + 2*s = -29 + a, 0 = 3*o + 2*s - 41. What are the prime factors of o?
17
Suppose 3*q = -n - 8 - 5, 5*n + 5*q + 25 = 0. What are the prime factors of 1 + -2 + 10 - n?
2, 5
Suppose -4*b + 8 = -8*b. What are the prime factors of (2/(-1))/(b/13)?
13
Let y(a) be the second derivative of 13*a**4/12 - a**3/6 + a**2/2 + a. Let l be y(1). Let t = l - -5. List the prime factors of t.
2, 3
Let y = -8 + 6. Let r be 194/8 + y/8. Suppose -3*l - l + r = 0. List the prime factors of l.
2, 3
Let b(c) = -c**3 + 8*c**2 - 6*c - 3. Let k be b(7). Suppose -5 = -k*g + 3. What are the prime factors of 21/((-3)/6 + g)?
2, 7
Let b(f) = -f**3 - 20*f**2 - 3*f + 25. List the prime factors of b(-20).
5, 17
Let d be (-33)/(-7) + (-4)/(-14). Suppose -2*j = -10*j + 16. Suppose b = j*w + 3*w + 8, -b - 2 = d*w. What are the prime factors of b?
3
What are the prime factors of (442/(-39))/(1/(-24) - 0)?
2, 17
Let l be (2/(-4))/(3/(-24)). Let q(o) = 2 + 9*o - 10*o + 3*o. List the prime factors of q(l).
2, 5
Let x(o) = 19*o**3. Let w be x(1). Suppose 4*j + w = 7. List the prime factors of (18/5)/(j/(-15)).
2, 3
Let o(r) = r**3 + 9*r**2 + 5*r - 9. Suppose -3*x = 13 + 11. What are the prime factors of o(x)?
3, 5
Suppose -j - y - 1 = 0, -4*j + 2*y = -y - 24. Suppose j*s + 3*o - 11 = -2, 2*s - o = 9. List the prime factors of s.
2
Let l(x) = -7*x**2 - x. Let d be l(-1). Let g be ((-3)/d)/((-2)/(-24)). Let v(h) = -h**2 + 8*h - 2. What are the prime factors of v(g)?
2, 5
Suppose -4*t = 3*i - 234, -3*i - 2*i - 104 = -2*t. List the prime factors of t.
3, 19
List the prime factors of (-2566)/(-12) - 55/66.
3, 71
Let j = -4 - -7. Suppose 3*o = 3*l + 9, -1 = j*l + o - 0. What are the prime factors of 18/(l/(-1)) - -2?
2, 5
Let t = -3 - -6. What are the prime factors of t + (-28*1)/(-2)?
17
Let f(u) = -u**2 + 11*u - 10. Let w be f(8). Suppose -w = 5*t - 39. Suppose 4*b + 16 = 4*r + 60, t*r = b - 19. What are the prime factors of b?
3
Suppose 4 - 1 = a. Suppose a*u = 8*u - 45. What are the prime factors of u?
3
Suppose 4*b - 140 = -5*c - 4, -b = 5*c - 34. List the prime factors of b.
2, 17
Suppose 2*d + 834 = 5*d. List the prime factors of d.
2, 139
Let y(f) be the third derivative of -f**5/60 + f**4/6 + f**3/2 + 5*f**2. List the prime factors of y(4).
3
Let j be (-21)/(-28) - 2/(-8). Let g be j + 3/(3/1). Suppose 2*y + 5*s - g = 0, -2*y = -2*s - 3*s - 22. List the prime factors of y.
2, 3
Let q = 13 + -8. What are the prime factors of q?
5
Let y(p) be the second derivative of 0 - 1/20*p**5 - p + 11/2*p**2 - 7/6*p**3 - 3/4*p**4. List the prime factors of y(-8).
3
Suppose 2*w = 3*w - 58. List the prime factors of w.
2, 29
Let p = 0 + 0. Suppose 2*b = -p*b + 6. Suppose -3*w - 23 = -6*w - 2*j, 4*j - 25 = -b*w. List the prime factors of w.
7
Let s = -23 - -38. Let o = s - -21. Suppose b - o = -2*b. List the prime factors of b.
2, 3
Let r be (-3)/12 - (-28)/(-16). Let o be -1*(r + 2 - 1). Suppose -l - o = -7. List the prime factors of l.
2, 3
Let g(r) = r. Let u(m) = m**2 + 2*m - 8. Let k(s) = g(s) + u(s). What are the prime factors of k(-7)?
2, 5
List the prime factors of (-183)/(-3) + ((-3)/(-3) - 2).
2, 3, 5
Let s = -7 + 9. Suppose 0 = -0*i - 4*i + 16, 5*m - 28 = -s*i. List the prime factors of m.
2
Let c be -3 - -2*(-10)/(-2). Let p(x) = 3*x + 4. List the prime factors of p(c).
5
Let h(k) = 5*k**2 - 6*k + 2. List the prime factors of h(5).
97
Let h = 10 + -8. List the prime factors of 254/9 + h/(-9).
2, 7
Let r(b) = 20*b. Let f = 4 - 3. What are the prime factors of r(f)?
2, 5
Suppose 5*i - 180 = -0*i. What are the prime factors of i?
2, 3
Let l = -22 + 50. Suppose 0 = 3*b - 4*p - 9, 0 = 4*b - p + 3*p - 12. Suppose -b*u = -u - l. What are the prime factors of u?
2, 7
What are the prime factors of ((-470)/6)/(2/(-6))?
5, 47
Let z(c) = 4*c + 10. What are the prime factors of z(9)?
2, 23
Suppose 0 = -4*c - 2*j + 140, 2*c - 39 - 19 = -4*j. Suppose -2*l = -57 - c. What are the prime factors of l?
47
Let u = -60 + 43. Let m = u + 30. What are the prime factors of m?
13
Let o = 17 + -17. Suppose 3*t - 6*t + 30 = o. List the prime factors of t.
2, 5
Suppose -x = -6*x + 270. Suppose 0 = -q + x - 22. Suppose 0 = -5*m + 28 + q. List the prime factors of m.
2, 3
What are the prime factors of (-12)/(-28) + (-249)/(-7)?
2, 3
What are the prime factors of (1 - -2 - -35) + -3?
5, 7
Let n(a) = -a**3 - 2*a**2 + a. Let w be n(-2). Let m(j) = 3*j**2 + 3*j + 3. List the prime factors of m(w).
3
Let y(r) = 38 - 6*r - r**2 - 6*r - 22. List the prime factors of y(-10).
2, 3
List the prime factors of (4/(-12))/(4/(-456)).
2, 19
Suppose 0 = 6*w + 4*w - 550. What are the prime factors of w?
5, 11
Let p = -19 + 100. What are the prime factors of p?
3
Let w(x) = -x**2 - 7*x + 5. List the prime factors of w(-5).
3, 5
Let i(n) = -n**2 + 4*n + 2. Let p be i(4). Let h = p - 0. What are the prime factors of h?
2
Let c(w) = -3 + 0*w**2 - 2*w**2 + 12*w - 4*w**2. Let p(t) = t**2 - t + 1. Let j(h) = c(h) + 5*p(h). List the prime factors of j(6).
2
Let m = -45 + 25. Let s = 41 + m. What are the prime factors of s?
3, 7
Suppose 5*m - 36 - 14 = 0. Let d = 20 - m. List the prime factors of d.
2, 5
Suppose l + 8 - 126 = 0. Let 